{"id":1114,"date":"2026-04-21T08:57:32","date_gmt":"2026-04-21T08:57:32","guid":{"rendered":"https:\/\/velvet-glint.com\/?page_id=1114"},"modified":"2026-04-21T08:57:32","modified_gmt":"2026-04-21T08:57:32","slug":"contatti","status":"publish","type":"page","link":"https:\/\/velvet-glint.com\/?page_id=1114","title":{"rendered":"Contatti"},"content":{"rendered":"<p>Questo sito web \u00e8 di propriet\u00e0 di Velvet Glint SRLs. Ci impegniamo a fornire informazioni pertinenti e utili ai nostri utenti.<\/p>\n<p>Nome della societ\u00e0: Velvet Glint SRLs<br \/>\nIndirizzo legale: Via Chambery 65, 11100 Aosta (AO), Italia<br \/>\nEmail: <a href=\"mailto:info@velvet-glint.com\">info@velvet-glint.com<\/a><br \/>\nTelefono: <a href=\"tel:+3901651855810\">+3901651855810<\/a><br \/>\nAmministratore delegato: Raffaele Fabbri<br \/>\nNumero di registrazione: IT01161910078<br \/>\nNome dell&#8217;autorit\u00e0 di registrazione: Studio degli Avvocati Parini &#8211; Chevallard<br \/>\nIndirizzo dell&#8217;autorit\u00e0 di registrazione: Via Jean Baptiste de Tillier, 40, 11100 Aosta AO, Italia<\/p>\n<p><b>Responsabilit\u00e0 dei contenuti:<\/b><br \/>\nNon siamo responsabili del contenuto dei link a siti web di terzi che possono essere disponibili sul nostro sito. Ogni responsabilit\u00e0 per il contenuto di tali link ricade sui rispettivi proprietari. Non siamo responsabili di eventuali danni, diretti o indiretti, derivanti dall&#8217;uso delle informazioni fornite sul nostro sito.<\/p>\n<p><b>Copyright:<\/b><br \/>\nTutto il materiale presente sul nostro sito web, compresi testi, immagini, grafica, design e software, \u00e8 protetto da copyright. Ne \u00e8 vietato l&#8217;uso o la distribuzione senza l&#8217;autorizzazione del titolare del copyright.<\/p>\n<p><b>Informazioni di contatto:<\/b><br \/>\nIn caso di domande o commenti relativi al nostro sito web o alla nostra azienda, si prega di contattarci utilizzando le informazioni di contatto elencate sopra.<\/p>\n<p><b>Informativa sulla privacy:<\/b><br \/>\nRispettiamo la vostra privacy e proteggiamo le vostre informazioni personali. Per ulteriori informazioni, consultare la nostra politica sulla privacy.<\/p>\n","protected":false},"excerpt":{"rendered":"<p>Questo sito web \u00e8 di propriet\u00e0 di Velvet Glint SRLs. Ci impegniamo a fornire informazioni pertinenti e utili ai nostri utenti. Nome della societ\u00e0: Velvet Glint SRLs Indirizzo legale: Via&hellip;<\/p>\n","protected":false},"author":1,"featured_media":0,"parent":0,"menu_order":0,"comment_status":"closed","ping_status":"closed","template":"","meta":{"footnotes":""},"class_list":["post-1114","page","type-page","status-publish","hentry"],"_links":{"self":[{"href":"https:\/\/velvet-glint.com\/index.php?rest_route=\/wp\/v2\/pages\/1114","targetHints":{"allow":["GET"]}}],"collection":[{"href":"https:\/\/velvet-glint.com\/index.php?rest_route=\/wp\/v2\/pages"}],"about":[{"href":"https:\/\/velvet-glint.com\/index.php?rest_route=\/wp\/v2\/types\/page"}],"author":[{"embeddable":true,"href":"https:\/\/velvet-glint.com\/index.php?rest_route=\/wp\/v2\/users\/1"}],"replies":[{"embeddable":true,"href":"https:\/\/velvet-glint.com\/index.php?rest_route=%2Fwp%2Fv2%2Fcomments&post=1114"}],"version-history":[{"count":1,"href":"https:\/\/velvet-glint.com\/index.php?rest_route=\/wp\/v2\/pages\/1114\/revisions"}],"predecessor-version":[{"id":1118,"href":"https:\/\/velvet-glint.com\/index.php?rest_route=\/wp\/v2\/pages\/1114\/revisions\/1118"}],"wp:attachment":[{"href":"https:\/\/velvet-glint.com\/index.php?rest_route=%2Fwp%2Fv2%2Fmedia&parent=1114"}],"curies":[{"name":"wp","href":"https:\/\/api.w.org\/{rel}","templated":true}]}}